{"id":74,"date":"2020-04-06T20:30:11","date_gmt":"2020-04-06T20:30:11","guid":{"rendered":"https:\/\/loquedeverdadimporta.film\/LQDVI-POR\/?page_id=74"},"modified":"2020-04-15T11:36:04","modified_gmt":"2020-04-15T11:36:04","slug":"jorge-garcia","status":"publish","type":"page","link":"https:\/\/loquedeverdadimporta.film\/LQDVI-POR\/jorge-garcia\/","title":{"rendered":"JORGE GARC\u00cdA (PADRE MALLOY)"},"content":{"rendered":"\t\t<div data-elementor-type=\"wp-page\" data-elementor-id=\"74\" class=\"elementor elementor-74\">\n\t\t\t\t\t\t<section class=\"elementor-section elementor-top-section elementor-element elementor-element-76943ed elementor-section-boxed elementor-section-height-default elementor-section-height-default\" data-id=\"76943ed\" data-element_type=\"section\">\n\t\t\t\t\t\t<div class=\"elementor-container elementor-column-gap-default\">\n\t\t\t\t\t<div class=\"elementor-column elementor-col-100 elementor-top-column elementor-element elementor-element-dfb3128\" data-id=\"dfb3128\" data-element_type=\"column\">\n\t\t\t<div class=\"elementor-widget-wrap elementor-element-populated\">\n\t\t\t\t\t\t<div class=\"elementor-element elementor-element-11deee0 elementor-widget elementor-widget-image\" data-id=\"11deee0\" data-element_type=\"widget\" data-widget_type=\"image.default\">\n\t\t\t\t<div class=\"elementor-widget-container\">\n\t\t\t\t\t\t\t\t\t\t\t\t\t<img fetchpriority=\"high\" decoding=\"async\" width=\"525\" height=\"295\" src=\"https:\/\/loquedeverdadimporta.film\/LQDVI-POR\/wp-content\/uploads\/2020\/04\/Jorge-Garcia-1024x576.jpg\" class=\"attachment-large size-large wp-image-64\" alt=\"\" srcset=\"https:\/\/loquedeverdadimporta.film\/LQDVI-POR\/wp-content\/uploads\/2020\/04\/Jorge-Garcia-1024x576.jpg 1024w, https:\/\/loquedeverdadimporta.film\/LQDVI-POR\/wp-content\/uploads\/2020\/04\/Jorge-Garcia-300x169.jpg 300w, https:\/\/loquedeverdadimporta.film\/LQDVI-POR\/wp-content\/uploads\/2020\/04\/Jorge-Garcia-768x432.jpg 768w, https:\/\/loquedeverdadimporta.film\/LQDVI-POR\/wp-content\/uploads\/2020\/04\/Jorge-Garcia.jpg 1500w\" sizes=\"100vw\" \/>\t\t\t\t\t\t\t\t\t\t\t\t\t<\/div>\n\t\t\t\t<\/div>\n\t\t\t\t<div class=\"elementor-element elementor-element-6bb52c4 elementor-widget elementor-widget-spacer\" data-id=\"6bb52c4\" data-element_type=\"widget\" data-widget_type=\"spacer.default\">\n\t\t\t\t<div class=\"elementor-widget-container\">\n\t\t\t\t\t<div class=\"elementor-spacer\">\n\t\t\t<div class=\"elementor-spacer-inner\"><\/div>\n\t\t<\/div>\n\t\t\t\t<\/div>\n\t\t\t\t<\/div>\n\t\t\t\t<div class=\"elementor-element elementor-element-f02f067 elementor-widget elementor-widget-heading\" data-id=\"f02f067\" data-element_type=\"widget\" data-widget_type=\"heading.default\">\n\t\t\t\t<div class=\"elementor-widget-container\">\n\t\t\t<h2 class=\"elementor-heading-title elementor-size-default\">JORGE GARC\u00cdA (PADRE MALLOY)<\/h2>\t\t<\/div>\n\t\t\t\t<\/div>\n\t\t\t\t<div class=\"elementor-element elementor-element-96128dc elementor-widget elementor-widget-text-editor\" data-id=\"96128dc\" data-element_type=\"widget\" data-widget_type=\"text-editor.default\">\n\t\t\t\t<div class=\"elementor-widget-container\">\n\t\t\t\t\t\t\t<p>O ator norte-americano Jorge Garc\u00eda come\u00e7ou a sua carreira protagonizando alguns an\u00fancios em televis\u00e3o. O seu primeiro papel significativo foi na s\u00e9rie de televis\u00e3o\u00a0<em>Becker,<\/em>\u00a0onde interpretou um personagem importante durante a sexta e \u00faltima temporada; mas foi uma pequena participa\u00e7\u00e3o na s\u00e9rie de<em>\u00a0<\/em>Larry David<em>, Curb Your Enthusiasm,\u00a0<\/em>que mudou sua vida. J.J. Abrams, cocriador de\u00a0<em>Perdidos<\/em>, assistiu \u00e0 s\u00e9rie e n\u00e3o teve d\u00favidas: Jorge Garc\u00eda tinha que aparecer na sua nova s\u00e9rie. Para isso criou para ele um papel \u00e0 medida, o de Hugo \u201cHurley\u201d Reyes, um dos personagens mais carism\u00e1ticos da s\u00e9rie de grande sucesso. Mais recentemente, integrou ainda o elenco de\u00a0<em>Hawaii 5-0<\/em>.<\/p>\t\t\t\t\t\t<\/div>\n\t\t\t\t<\/div>\n\t\t\t\t\t<\/div>\n\t\t<\/div>\n\t\t\t\t\t<\/div>\n\t\t<\/section>\n\t\t\t\t<\/div>\n\t\t","protected":false},"excerpt":{"rendered":"<p>JORGE GARC\u00cdA (PADRE MALLOY) O ator norte-americano Jorge Garc\u00eda come\u00e7ou a sua carreira protagonizando alguns an\u00fancios em televis\u00e3o. O seu primeiro papel significativo foi na s\u00e9rie de televis\u00e3o\u00a0Becker,\u00a0onde interpretou um personagem importante durante a sexta e \u00faltima temporada; mas foi uma pequena participa\u00e7\u00e3o na s\u00e9rie de\u00a0Larry David, Curb Your Enthusiasm,\u00a0que mudou sua vida. J.J. Abrams, &hellip; <\/p>\n<p class=\"link-more\"><a href=\"https:\/\/loquedeverdadimporta.film\/LQDVI-POR\/jorge-garcia\/\" class=\"more-link\">Continuar leyendo<span class=\"screen-reader-text\"> \u00abJORGE GARC\u00cdA (PADRE MALLOY)\u00bb<\/span><\/a><\/p>\n","protected":false},"author":1,"featured_media":0,"parent":0,"menu_order":0,"comment_status":"closed","ping_status":"closed","template":"elementor_canvas","meta":{"footnotes":""},"_links":{"self":[{"href":"https:\/\/loquedeverdadimporta.film\/LQDVI-POR\/wp-json\/wp\/v2\/pages\/74"}],"collection":[{"href":"https:\/\/loquedeverdadimporta.film\/LQDVI-POR\/wp-json\/wp\/v2\/pages"}],"about":[{"href":"https:\/\/loquedeverdadimporta.film\/LQDVI-POR\/wp-json\/wp\/v2\/types\/page"}],"author":[{"embeddable":true,"href":"https:\/\/loquedeverdadimporta.film\/LQDVI-POR\/wp-json\/wp\/v2\/users\/1"}],"replies":[{"embeddable":true,"href":"https:\/\/loquedeverdadimporta.film\/LQDVI-POR\/wp-json\/wp\/v2\/comments?post=74"}],"version-history":[{"count":4,"href":"https:\/\/loquedeverdadimporta.film\/LQDVI-POR\/wp-json\/wp\/v2\/pages\/74\/revisions"}],"predecessor-version":[{"id":187,"href":"https:\/\/loquedeverdadimporta.film\/LQDVI-POR\/wp-json\/wp\/v2\/pages\/74\/revisions\/187"}],"wp:attachment":[{"href":"https:\/\/loquedeverdadimporta.film\/LQDVI-POR\/wp-json\/wp\/v2\/media?parent=74"}],"curies":[{"name":"wp","href":"https:\/\/api.w.org\/{rel}","templated":true}]}}