{"id":49,"date":"2020-04-06T20:21:53","date_gmt":"2020-04-06T20:21:53","guid":{"rendered":"https:\/\/loquedeverdadimporta.film\/LQDVI-POR\/?page_id=49"},"modified":"2020-04-15T11:35:24","modified_gmt":"2020-04-15T11:35:24","slug":"javier-aguirresarobe","status":"publish","type":"page","link":"https:\/\/loquedeverdadimporta.film\/LQDVI-POR\/javier-aguirresarobe\/","title":{"rendered":"JAVIER AGUIRRESAROBE (DIRETOR DE FOTOGRAFIA)"},"content":{"rendered":"\t\t<div data-elementor-type=\"wp-page\" data-elementor-id=\"49\" class=\"elementor elementor-49\">\n\t\t\t\t\t\t<section class=\"elementor-section elementor-top-section elementor-element elementor-element-76943ed elementor-section-boxed elementor-section-height-default elementor-section-height-default\" data-id=\"76943ed\" data-element_type=\"section\">\n\t\t\t\t\t\t<div class=\"elementor-container elementor-column-gap-default\">\n\t\t\t\t\t<div class=\"elementor-column elementor-col-100 elementor-top-column elementor-element elementor-element-dfb3128\" data-id=\"dfb3128\" data-element_type=\"column\">\n\t\t\t<div class=\"elementor-widget-wrap elementor-element-populated\">\n\t\t\t\t\t\t<div class=\"elementor-element elementor-element-11deee0 elementor-widget elementor-widget-image\" data-id=\"11deee0\" data-element_type=\"widget\" data-widget_type=\"image.default\">\n\t\t\t\t<div class=\"elementor-widget-container\">\n\t\t\t\t\t\t\t\t\t\t\t\t\t<img fetchpriority=\"high\" decoding=\"async\" width=\"525\" height=\"295\" src=\"https:\/\/loquedeverdadimporta.film\/LQDVI-POR\/wp-content\/uploads\/2020\/04\/javier-aguirresarobre-1024x576.jpg\" class=\"attachment-large size-large wp-image-37\" alt=\"\" srcset=\"https:\/\/loquedeverdadimporta.film\/LQDVI-POR\/wp-content\/uploads\/2020\/04\/javier-aguirresarobre-1024x576.jpg 1024w, https:\/\/loquedeverdadimporta.film\/LQDVI-POR\/wp-content\/uploads\/2020\/04\/javier-aguirresarobre-300x169.jpg 300w, https:\/\/loquedeverdadimporta.film\/LQDVI-POR\/wp-content\/uploads\/2020\/04\/javier-aguirresarobre-768x432.jpg 768w, https:\/\/loquedeverdadimporta.film\/LQDVI-POR\/wp-content\/uploads\/2020\/04\/javier-aguirresarobre.jpg 1200w\" sizes=\"100vw\" \/>\t\t\t\t\t\t\t\t\t\t\t\t\t<\/div>\n\t\t\t\t<\/div>\n\t\t\t\t<div class=\"elementor-element elementor-element-21b200c elementor-widget elementor-widget-spacer\" data-id=\"21b200c\" data-element_type=\"widget\" data-widget_type=\"spacer.default\">\n\t\t\t\t<div class=\"elementor-widget-container\">\n\t\t\t\t\t<div class=\"elementor-spacer\">\n\t\t\t<div class=\"elementor-spacer-inner\"><\/div>\n\t\t<\/div>\n\t\t\t\t<\/div>\n\t\t\t\t<\/div>\n\t\t\t\t<div class=\"elementor-element elementor-element-f02f067 elementor-widget elementor-widget-heading\" data-id=\"f02f067\" data-element_type=\"widget\" data-widget_type=\"heading.default\">\n\t\t\t\t<div class=\"elementor-widget-container\">\n\t\t\t<h2 class=\"elementor-heading-title elementor-size-default\">JAVIER AGUIRRESAROBE (DIRECTOR DE FOTOGRAF\u00cdA)<\/h2>\t\t<\/div>\n\t\t\t\t<\/div>\n\t\t\t\t<div class=\"elementor-element elementor-element-96128dc elementor-widget elementor-widget-text-editor\" data-id=\"96128dc\" data-element_type=\"widget\" data-widget_type=\"text-editor.default\">\n\t\t\t\t<div class=\"elementor-widget-container\">\n\t\t\t\t\t\t\t<p>Considerado um dos diretores de fotografia mais prestigiados do mundo, nascido na prov\u00edncia espanhola de Guip\u00fascoa, Javier Aguirresarobe conta com mais de 50 longas-metragens na sua carreira e trabalhou com os maiores realizadores de cinema dentro e fora de Espanha: Fernando Trueba (<em>A Menina dos teus olhos<\/em>), Carlos Saura (<em>Dispara!<\/em>), Pedro Almod\u00f3var (<em>Fala com Ela!<\/em>), Alejandro Amen\u00e1bar (<em>Mar Adentro<\/em>), Pilar Mir\u00f3 (<em>El perro del Hortelano<\/em>), Montxo Armend\u00e1riz (<em>Obaba<\/em>), Julio Medem (<em>Tierra<\/em>), Woody Allen (<em>Vicky Cristina Barcelona, Blue Jasmine<\/em>) ou Milos Forman (<em>Os Fantasmas de Goya<\/em>), entre outros.<\/p><p>Vencedor de seis pr\u00e9mios Goya (de 11 nomea\u00e7\u00f5es), Urso de Prata em Berlim (<em>Beltenebros<\/em>) e membro da Academia de Artes e de Ci\u00eancias Cinematogr\u00e1ficas de Hollywood, os seus \u00faltimos trabalhos incluem a saga\u00a0<em>Twilight<\/em>\u00a0e o remake do cl\u00e1ssico de terror\u00a0<em>Poltergeist<\/em>.<\/p>\t\t\t\t\t\t<\/div>\n\t\t\t\t<\/div>\n\t\t\t\t\t<\/div>\n\t\t<\/div>\n\t\t\t\t\t<\/div>\n\t\t<\/section>\n\t\t\t\t<\/div>\n\t\t","protected":false},"excerpt":{"rendered":"<p>JAVIER AGUIRRESAROBE (DIRECTOR DE FOTOGRAF\u00cdA) Considerado um dos diretores de fotografia mais prestigiados do mundo, nascido na prov\u00edncia espanhola de Guip\u00fascoa, Javier Aguirresarobe conta com mais de 50 longas-metragens na sua carreira e trabalhou com os maiores realizadores de cinema dentro e fora de Espanha: Fernando Trueba (A Menina dos teus olhos), Carlos Saura (Dispara!), &hellip; <\/p>\n<p class=\"link-more\"><a href=\"https:\/\/loquedeverdadimporta.film\/LQDVI-POR\/javier-aguirresarobe\/\" class=\"more-link\">Continuar leyendo<span class=\"screen-reader-text\"> \u00abJAVIER AGUIRRESAROBE (DIRETOR DE FOTOGRAFIA)\u00bb<\/span><\/a><\/p>\n","protected":false},"author":1,"featured_media":0,"parent":0,"menu_order":0,"comment_status":"closed","ping_status":"closed","template":"elementor_canvas","meta":{"footnotes":""},"_links":{"self":[{"href":"https:\/\/loquedeverdadimporta.film\/LQDVI-POR\/wp-json\/wp\/v2\/pages\/49"}],"collection":[{"href":"https:\/\/loquedeverdadimporta.film\/LQDVI-POR\/wp-json\/wp\/v2\/pages"}],"about":[{"href":"https:\/\/loquedeverdadimporta.film\/LQDVI-POR\/wp-json\/wp\/v2\/types\/page"}],"author":[{"embeddable":true,"href":"https:\/\/loquedeverdadimporta.film\/LQDVI-POR\/wp-json\/wp\/v2\/users\/1"}],"replies":[{"embeddable":true,"href":"https:\/\/loquedeverdadimporta.film\/LQDVI-POR\/wp-json\/wp\/v2\/comments?post=49"}],"version-history":[{"count":5,"href":"https:\/\/loquedeverdadimporta.film\/LQDVI-POR\/wp-json\/wp\/v2\/pages\/49\/revisions"}],"predecessor-version":[{"id":185,"href":"https:\/\/loquedeverdadimporta.film\/LQDVI-POR\/wp-json\/wp\/v2\/pages\/49\/revisions\/185"}],"wp:attachment":[{"href":"https:\/\/loquedeverdadimporta.film\/LQDVI-POR\/wp-json\/wp\/v2\/media?parent=49"}],"curies":[{"name":"wp","href":"https:\/\/api.w.org\/{rel}","templated":true}]}}