{"id":90,"date":"2020-04-06T20:36:41","date_gmt":"2020-04-06T20:36:41","guid":{"rendered":"https:\/\/loquedeverdadimporta.film\/LQDVI-PER\/?page_id=90"},"modified":"2020-04-14T11:48:34","modified_gmt":"2020-04-14T11:48:34","slug":"fundaes","status":"publish","type":"page","link":"https:\/\/loquedeverdadimporta.film\/LQDVI-PER\/fundaes\/","title":{"rendered":"Fundaes Hogares Nuevo Futuro"},"content":{"rendered":"\t\t<div data-elementor-type=\"wp-page\" data-elementor-id=\"90\" class=\"elementor elementor-90\">\n\t\t\t\t\t\t<section class=\"elementor-section elementor-top-section elementor-element elementor-element-76943ed elementor-section-boxed elementor-section-height-default elementor-section-height-default\" data-id=\"76943ed\" data-element_type=\"section\">\n\t\t\t\t\t\t<div class=\"elementor-container elementor-column-gap-default\">\n\t\t\t\t\t<div class=\"elementor-column elementor-col-100 elementor-top-column elementor-element elementor-element-dfb3128\" data-id=\"dfb3128\" data-element_type=\"column\">\n\t\t\t<div class=\"elementor-widget-wrap elementor-element-populated\">\n\t\t\t\t\t\t<div class=\"elementor-element elementor-element-11deee0 elementor-widget elementor-widget-image\" data-id=\"11deee0\" data-element_type=\"widget\" data-widget_type=\"image.default\">\n\t\t\t\t<div class=\"elementor-widget-container\">\n\t\t\t\t\t\t\t\t\t\t\t\t\t<img fetchpriority=\"high\" decoding=\"async\" width=\"341\" height=\"159\" src=\"https:\/\/loquedeverdadimporta.film\/LQDVI-PER\/wp-content\/uploads\/2020\/04\/fundades.png\" class=\"attachment-medium_large size-medium_large wp-image-144\" alt=\"\" srcset=\"https:\/\/loquedeverdadimporta.film\/LQDVI-PER\/wp-content\/uploads\/2020\/04\/fundades.png 341w, https:\/\/loquedeverdadimporta.film\/LQDVI-PER\/wp-content\/uploads\/2020\/04\/fundades-300x140.png 300w\" sizes=\"100vw\" \/>\t\t\t\t\t\t\t\t\t\t\t\t\t<\/div>\n\t\t\t\t<\/div>\n\t\t\t\t<div class=\"elementor-element elementor-element-83f4548 elementor-widget elementor-widget-spacer\" data-id=\"83f4548\" data-element_type=\"widget\" data-widget_type=\"spacer.default\">\n\t\t\t\t<div class=\"elementor-widget-container\">\n\t\t\t\t\t<div class=\"elementor-spacer\">\n\t\t\t<div class=\"elementor-spacer-inner\"><\/div>\n\t\t<\/div>\n\t\t\t\t<\/div>\n\t\t\t\t<\/div>\n\t\t\t\t<div class=\"elementor-element elementor-element-96128dc elementor-widget elementor-widget-text-editor\" data-id=\"96128dc\" data-element_type=\"widget\" data-widget_type=\"text-editor.default\">\n\t\t\t\t<div class=\"elementor-widget-container\">\n\t\t\t\t\t\t\t<p>La\u00a0<a href=\"http:\/\/www.nuevofuturo.org.pe\/\" target=\"_blank\" rel=\"noopener\"><strong>Asociaci\u00f3n de Hogares Nuevo Futuro Per\u00fa\u00a0<\/strong><\/a>es una instituci\u00f3n sin fines de lucro, cuya labor desde hace 23 a\u00f1os, es la creaci\u00f3n, mantenimiento y supervisi\u00f3n de Centros de Atenci\u00f3n Residencial para ni\u00f1os abandonados con o sin discapacidad. Durante este tiempo se ha beneficiado m\u00e1s de 660 ni\u00f1os en las 5 sedes dentro de Lima.\u00a0<\/p><p>Desde noviembre de 2007 hasta la fecha, han venido trabajando el \u201cPrograma de Prevenci\u00f3n del Abandono Infantil\u201d, a trav\u00e9s del cual se han atendido a 12,922 Preadolescentes y adolescentes; 12,989 Padres de familia y 1347 Docentes.<\/p><p>Del a\u00f1o 2013 al 2016, se ejecut\u00f3 el proyecto \u00abAcerc\u00e1ndonos&#8230;Formando formadores\u00bb, dirigido a futuros l\u00edderes j\u00f3venes.\u00a0<\/p><p>Y este a\u00f1o, se instaur\u00f3 un proyecto principal denominado \u201cSemillas aprendiendo en Familia\u201d, mediante el cual se trabaja en los h\u00e1bitos de crianza y fortalecimiento de v\u00ednculos familiares en los padres de familia de tres centros de educaci\u00f3n inicial para ni\u00f1os\/as de 5 a\u00f1os edad y lleguen a comprender el rol protag\u00f3nico que tienen en la vida de sus hijos.<\/p>\t\t\t\t\t\t<\/div>\n\t\t\t\t<\/div>\n\t\t\t\t\t<\/div>\n\t\t<\/div>\n\t\t\t\t\t<\/div>\n\t\t<\/section>\n\t\t\t\t<\/div>\n\t\t","protected":false},"excerpt":{"rendered":"<p>La\u00a0Asociaci\u00f3n de Hogares Nuevo Futuro Per\u00fa\u00a0es una instituci\u00f3n sin fines de lucro, cuya labor desde hace 23 a\u00f1os, es la creaci\u00f3n, mantenimiento y supervisi\u00f3n de Centros de Atenci\u00f3n Residencial para ni\u00f1os abandonados con o sin discapacidad. Durante este tiempo se ha beneficiado m\u00e1s de 660 ni\u00f1os en las 5 sedes dentro de Lima.\u00a0 Desde noviembre &hellip; <\/p>\n<p class=\"link-more\"><a href=\"https:\/\/loquedeverdadimporta.film\/LQDVI-PER\/fundaes\/\" class=\"more-link\">Continuar leyendo<span class=\"screen-reader-text\"> \u00abFundaes Hogares Nuevo Futuro\u00bb<\/span><\/a><\/p>\n","protected":false},"author":1,"featured_media":0,"parent":0,"menu_order":0,"comment_status":"closed","ping_status":"closed","template":"elementor_canvas","meta":{"footnotes":""},"_links":{"self":[{"href":"https:\/\/loquedeverdadimporta.film\/LQDVI-PER\/wp-json\/wp\/v2\/pages\/90"}],"collection":[{"href":"https:\/\/loquedeverdadimporta.film\/LQDVI-PER\/wp-json\/wp\/v2\/pages"}],"about":[{"href":"https:\/\/loquedeverdadimporta.film\/LQDVI-PER\/wp-json\/wp\/v2\/types\/page"}],"author":[{"embeddable":true,"href":"https:\/\/loquedeverdadimporta.film\/LQDVI-PER\/wp-json\/wp\/v2\/users\/1"}],"replies":[{"embeddable":true,"href":"https:\/\/loquedeverdadimporta.film\/LQDVI-PER\/wp-json\/wp\/v2\/comments?post=90"}],"version-history":[{"count":5,"href":"https:\/\/loquedeverdadimporta.film\/LQDVI-PER\/wp-json\/wp\/v2\/pages\/90\/revisions"}],"predecessor-version":[{"id":145,"href":"https:\/\/loquedeverdadimporta.film\/LQDVI-PER\/wp-json\/wp\/v2\/pages\/90\/revisions\/145"}],"wp:attachment":[{"href":"https:\/\/loquedeverdadimporta.film\/LQDVI-PER\/wp-json\/wp\/v2\/media?parent=90"}],"curies":[{"name":"wp","href":"https:\/\/api.w.org\/{rel}","templated":true}]}}