{"id":43,"date":"2020-04-06T20:19:32","date_gmt":"2020-04-06T20:19:32","guid":{"rendered":"https:\/\/loquedeverdadimporta.film\/LQDVI-PER\/?page_id=43"},"modified":"2020-04-06T20:20:08","modified_gmt":"2020-04-06T20:20:08","slug":"enrique-posner","status":"publish","type":"page","link":"https:\/\/loquedeverdadimporta.film\/LQDVI-PER\/enrique-posner\/","title":{"rendered":"ENRIQUE POSNER (PRODUCTOR)"},"content":{"rendered":"\t\t<div data-elementor-type=\"wp-page\" data-elementor-id=\"43\" class=\"elementor elementor-43\">\n\t\t\t\t\t\t<section class=\"elementor-section elementor-top-section elementor-element elementor-element-76943ed elementor-section-boxed elementor-section-height-default elementor-section-height-default\" data-id=\"76943ed\" data-element_type=\"section\">\n\t\t\t\t\t\t<div class=\"elementor-container elementor-column-gap-default\">\n\t\t\t\t\t<div class=\"elementor-column elementor-col-100 elementor-top-column elementor-element elementor-element-dfb3128\" data-id=\"dfb3128\" data-element_type=\"column\">\n\t\t\t<div class=\"elementor-widget-wrap elementor-element-populated\">\n\t\t\t\t\t\t<div class=\"elementor-element elementor-element-11deee0 elementor-widget elementor-widget-image\" data-id=\"11deee0\" data-element_type=\"widget\" data-widget_type=\"image.default\">\n\t\t\t\t<div class=\"elementor-widget-container\">\n\t\t\t\t\t\t\t\t\t\t\t\t\t<img fetchpriority=\"high\" decoding=\"async\" width=\"525\" height=\"394\" src=\"https:\/\/loquedeverdadimporta.film\/LQDVI-PER\/wp-content\/uploads\/2020\/04\/RickyPosner-Producer.jpg\" class=\"attachment-large size-large wp-image-41\" alt=\"\" srcset=\"https:\/\/loquedeverdadimporta.film\/LQDVI-PER\/wp-content\/uploads\/2020\/04\/RickyPosner-Producer.jpg 1000w, https:\/\/loquedeverdadimporta.film\/LQDVI-PER\/wp-content\/uploads\/2020\/04\/RickyPosner-Producer-300x225.jpg 300w, https:\/\/loquedeverdadimporta.film\/LQDVI-PER\/wp-content\/uploads\/2020\/04\/RickyPosner-Producer-768x576.jpg 768w\" sizes=\"100vw\" \/>\t\t\t\t\t\t\t\t\t\t\t\t\t<\/div>\n\t\t\t\t<\/div>\n\t\t\t\t<div class=\"elementor-element elementor-element-f02f067 elementor-widget elementor-widget-heading\" data-id=\"f02f067\" data-element_type=\"widget\" data-widget_type=\"heading.default\">\n\t\t\t\t<div class=\"elementor-widget-container\">\n\t\t\t<h2 class=\"elementor-heading-title elementor-size-default\">ENRIQUE POSNER (PRODUCTOR)<\/h2>\t\t<\/div>\n\t\t\t\t<\/div>\n\t\t\t\t<div class=\"elementor-element elementor-element-96128dc elementor-widget elementor-widget-text-editor\" data-id=\"96128dc\" data-element_type=\"widget\" data-widget_type=\"text-editor.default\">\n\t\t\t\t<div class=\"elementor-widget-container\">\n\t\t\t\t\t\t\t<p>Poco despu\u00e9s de licenciarse en Cine y Teatro en la Northwestern University, el colombiano Enrique Posner comenz\u00f3 a trabajar para Cinevista Releasing en Nueva York, distribuidora estadounidense de las pel\u00edculas de Pedro Almod\u00f3var. Aqu\u00ed conocer\u00e1 al director manchego y empieza a colaborar con \u00e9l, convirti\u00e9ndose en una pieza clave para la financiaci\u00f3n, distribuci\u00f3n, el marketing y las relaciones p\u00fablicas de sus pel\u00edculas. Junto a Pedro y Agust\u00edn produjo<em>\u00a0\u00c1tame\u00a0<\/em>(1989) y\u00a0<em>Tacones lejanos<\/em>\u00a0(1991).<\/p><p>En 1992 funda su propia compa\u00f1\u00eda, Filmania, con la que produce\u00a0<em>En tr\u00e1nsito\u00a0<\/em>(1993)<em>,\u00a0<\/em>con Jean Rochefort y Marisa Paredes;\u00a0<em>La tabla de Flandes\u00a0<\/em>(1994), adaptaci\u00f3n del libro hom\u00f3nimo de Arturo P\u00e9rez Reverte protagonizada por Kate Beckinsale;\u00a0<em>Metroland\u00a0<\/em>(1997)<em>,<\/em>\u00a0protagonizada por Christian Bale y Emily Watson, y\u00a0<em>Arrogantes y exquisitos<\/em>(1998)<em>,\u00a0<\/em>una comedia con Peter Ustinov en el reparto.<\/p><p>En el a\u00f1o 2001, Posner comienza a trabajar como director general de Warner Bros. Pictures International en Espa\u00f1a. Desde ese cargo fue responsable del lanzamiento y la distribuci\u00f3n en salas de m\u00e1s de 130 pel\u00edculas, entre las que se incluyen los tres primeros t\u00edtulos de la saga de Harry Potter y las secuelas de\u00a0<em>Matrix.\u00a0<\/em>Tambi\u00e9n cre\u00f3 un departamento de producci\u00f3n en Espa\u00f1a y ejerci\u00f3n de \u201cproductor local\u201d en las superproducciones de Guillermo del Toro,\u00a0<em>El laberinto del fauno<\/em>, y de Milos Forman,\u00a0<em>Los fantasmas de Goya<\/em>.<\/p><p>En 2007 funda la compa\u00f1\u00eda de ventas internacionales de cine y televisi\u00f3n 6 Sales, con la que gestion\u00f3 la venta al extranjero de m\u00e1s de 50 pel\u00edculas. En 2009 vendi\u00f3 la compa\u00f1\u00eda y se asociaci\u00f3n con Antonio Banderas y el estudio de animaci\u00f3n en 3D Kandor Graphics para producir\u00a0<em>El lince perdido<\/em>,\u00a0<em>Justin y la espada del valor<\/em>\u00a0y el cortometraje\u00a0<em>La dama y la Muerte<\/em>, nominada al Oscar a mejor cortometraje de animaci\u00f3n.<\/p>\t\t\t\t\t\t<\/div>\n\t\t\t\t<\/div>\n\t\t\t\t\t<\/div>\n\t\t<\/div>\n\t\t\t\t\t<\/div>\n\t\t<\/section>\n\t\t\t\t<\/div>\n\t\t","protected":false},"excerpt":{"rendered":"<p>ENRIQUE POSNER (PRODUCTOR) Poco despu\u00e9s de licenciarse en Cine y Teatro en la Northwestern University, el colombiano Enrique Posner comenz\u00f3 a trabajar para Cinevista Releasing en Nueva York, distribuidora estadounidense de las pel\u00edculas de Pedro Almod\u00f3var. Aqu\u00ed conocer\u00e1 al director manchego y empieza a colaborar con \u00e9l, convirti\u00e9ndose en una pieza clave para la financiaci\u00f3n, &hellip; <\/p>\n<p class=\"link-more\"><a href=\"https:\/\/loquedeverdadimporta.film\/LQDVI-PER\/enrique-posner\/\" class=\"more-link\">Continuar leyendo<span class=\"screen-reader-text\"> \u00abENRIQUE POSNER (PRODUCTOR)\u00bb<\/span><\/a><\/p>\n","protected":false},"author":1,"featured_media":0,"parent":0,"menu_order":0,"comment_status":"closed","ping_status":"closed","template":"elementor_canvas","meta":{"footnotes":""},"_links":{"self":[{"href":"https:\/\/loquedeverdadimporta.film\/LQDVI-PER\/wp-json\/wp\/v2\/pages\/43"}],"collection":[{"href":"https:\/\/loquedeverdadimporta.film\/LQDVI-PER\/wp-json\/wp\/v2\/pages"}],"about":[{"href":"https:\/\/loquedeverdadimporta.film\/LQDVI-PER\/wp-json\/wp\/v2\/types\/page"}],"author":[{"embeddable":true,"href":"https:\/\/loquedeverdadimporta.film\/LQDVI-PER\/wp-json\/wp\/v2\/users\/1"}],"replies":[{"embeddable":true,"href":"https:\/\/loquedeverdadimporta.film\/LQDVI-PER\/wp-json\/wp\/v2\/comments?post=43"}],"version-history":[{"count":2,"href":"https:\/\/loquedeverdadimporta.film\/LQDVI-PER\/wp-json\/wp\/v2\/pages\/43\/revisions"}],"predecessor-version":[{"id":45,"href":"https:\/\/loquedeverdadimporta.film\/LQDVI-PER\/wp-json\/wp\/v2\/pages\/43\/revisions\/45"}],"wp:attachment":[{"href":"https:\/\/loquedeverdadimporta.film\/LQDVI-PER\/wp-json\/wp\/v2\/media?parent=43"}],"curies":[{"name":"wp","href":"https:\/\/api.w.org\/{rel}","templated":true}]}}