{"id":35,"date":"2020-04-06T20:17:31","date_gmt":"2020-04-06T20:17:31","guid":{"rendered":"https:\/\/loquedeverdadimporta.film\/LQDVI-PER\/?page_id=35"},"modified":"2020-04-24T11:11:02","modified_gmt":"2020-04-24T11:11:02","slug":"paco-arango","status":"publish","type":"page","link":"https:\/\/loquedeverdadimporta.film\/LQDVI-PER\/paco-arango\/","title":{"rendered":"PACO ARANGO (GUIONISTA, DIRECTOR Y PRODUCTOR)"},"content":{"rendered":"\t\t<div data-elementor-type=\"wp-page\" data-elementor-id=\"35\" class=\"elementor elementor-35\">\n\t\t\t\t\t\t<section class=\"elementor-section elementor-top-section elementor-element elementor-element-76943ed elementor-section-boxed elementor-section-height-default elementor-section-height-default\" data-id=\"76943ed\" data-element_type=\"section\">\n\t\t\t\t\t\t<div class=\"elementor-container elementor-column-gap-default\">\n\t\t\t\t\t<div class=\"elementor-column elementor-col-100 elementor-top-column elementor-element elementor-element-dfb3128\" data-id=\"dfb3128\" data-element_type=\"column\">\n\t\t\t<div class=\"elementor-widget-wrap elementor-element-populated\">\n\t\t\t\t\t\t<div class=\"elementor-element elementor-element-11deee0 elementor-widget elementor-widget-image\" data-id=\"11deee0\" data-element_type=\"widget\" data-widget_type=\"image.default\">\n\t\t\t\t<div class=\"elementor-widget-container\">\n\t\t\t\t\t\t\t\t\t\t\t\t\t<img fetchpriority=\"high\" decoding=\"async\" width=\"525\" height=\"349\" src=\"https:\/\/loquedeverdadimporta.film\/LQDVI-PER\/wp-content\/uploads\/2020\/04\/paco-arango-1024x681.jpg\" class=\"attachment-large size-large wp-image-40\" alt=\"\" srcset=\"https:\/\/loquedeverdadimporta.film\/LQDVI-PER\/wp-content\/uploads\/2020\/04\/paco-arango-1024x681.jpg 1024w, https:\/\/loquedeverdadimporta.film\/LQDVI-PER\/wp-content\/uploads\/2020\/04\/paco-arango-300x200.jpg 300w, https:\/\/loquedeverdadimporta.film\/LQDVI-PER\/wp-content\/uploads\/2020\/04\/paco-arango-768x511.jpg 768w, https:\/\/loquedeverdadimporta.film\/LQDVI-PER\/wp-content\/uploads\/2020\/04\/paco-arango.jpg 1500w\" sizes=\"100vw\" \/>\t\t\t\t\t\t\t\t\t\t\t\t\t<\/div>\n\t\t\t\t<\/div>\n\t\t\t\t<div class=\"elementor-element elementor-element-f02f067 elementor-widget elementor-widget-heading\" data-id=\"f02f067\" data-element_type=\"widget\" data-widget_type=\"heading.default\">\n\t\t\t\t<div class=\"elementor-widget-container\">\n\t\t\t<h2 class=\"elementor-heading-title elementor-size-default\">PACO ARANGO (GUIONISTA, DIRECTOR Y PRODUCTOR)<\/h2>\t\t<\/div>\n\t\t\t\t<\/div>\n\t\t\t\t<div class=\"elementor-element elementor-element-96128dc elementor-widget elementor-widget-text-editor\" data-id=\"96128dc\" data-element_type=\"widget\" data-widget_type=\"text-editor.default\">\n\t\t\t\t<div class=\"elementor-widget-container\">\n\t\t\t\t\t\t\t<p>Paco Arango naci\u00f3 en M\u00e9xico en 1967 en el seno de una familia de origen espa\u00f1ol. Siendo a\u00fan muy joven su familia se muda de vuelta a Espa\u00f1a, aunque \u00e9l se educa en Estados Unidos y estudia cinematograf\u00eda en Boston y Los \u00c1ngeles. Antes de comenzar su carrera cinematogr\u00e1fica, Arango grab\u00f3 y public\u00f3 cinco discos como cantante en solitario bajo el sello de Sony Records. En 1999 funda una productora de televisi\u00f3n con la que hace varias series y programas, entre ellos, la exitosa \u00a1Ala\u2026dina!, una divertida serie, protagonizada por Paz Padilla, en la que el genio de una l\u00e1mpara acaba de empleada del hogar en la casa de un publicista viudo con dos hijos. La serie se mantuvo en antena durante cuatro temporadas.<\/p><p>En el a\u00f1o 2001 sinti\u00f3 la necesidad de involucrarse en alguna causa solidaria \u201cpara devolver la suerte que hab\u00eda tenido\u201d y comienza a trabajar como voluntario en el Hospital Ni\u00f1o Jes\u00fas, con peque\u00f1os enfermos de c\u00e1ncer. Aquello cambi\u00f3 su vida para siempre. En 2005 cre\u00f3 la Fundaci\u00f3n Aladina, destinada a mejorar la vida de ni\u00f1os y adolescentes enfermos de c\u00e1ncer y sus familiares, y que en la actualidad da servicio a\u00a0 1.500 menores de varios hospitales de Espa\u00f1a.<\/p><p>En 2011 escribe y dirige\u00a0<em>Maktub,\u00a0<\/em>una pel\u00edcula que mezcla la comedia y el drama y en la que el director quiso plasmar todo lo que hab\u00eda aprendido de los ni\u00f1os con los que trata a diario desde hace m\u00e1s de 15 a\u00f1os, unos ni\u00f1os cuyas historias y vidas le inspiran a diario. Con un reparto espectacular, encabezado por Diego Peretti, Goya Toledo, Aitana S\u00e1nchez-Gij\u00f3n, Rosa Mar\u00eda Sard\u00e1 y Jorge Mart\u00ednez,<em>\u00a0Maktub<\/em>\u00a0consigui\u00f3 tres nominaciones a los Goya (director novel, actriz de reparto y canci\u00f3n original). La recaudaci\u00f3n de la pel\u00edcula sirvi\u00f3 adem\u00e1s para financiar una de las unidades de trasplante de m\u00e9dula m\u00e1s avanzadas de Europa: el CENTRO MAKTUB, para el trasplante de m\u00e9dula \u00f3sea del Hospital Ni\u00f1o Jes\u00fas de Madrid.<\/p><p>Arango ha donado el 100% de la recaudaci\u00f3n de <strong>\u201cLo Que de Verdad Importa\u201d<\/strong> a la Fundaci\u00f3n Aladina convirtiendo este film en la <strong>primera cinta 100% ben\u00e9fica del cine<\/strong>. Gracias a esta generosa aportaci\u00f3n, m\u00e1s de 1.000 ni\u00f1os enfermos de c\u00e1ncer espa\u00f1oles podr\u00e1n disfrutar de una semana gratis de vacaciones en los campamentos de Barretstown (Irlanda)y Dynamo Camp (Italia).<\/p>\t\t\t\t\t\t<\/div>\n\t\t\t\t<\/div>\n\t\t\t\t\t<\/div>\n\t\t<\/div>\n\t\t\t\t\t<\/div>\n\t\t<\/section>\n\t\t\t\t<\/div>\n\t\t","protected":false},"excerpt":{"rendered":"<p>PACO ARANGO (GUIONISTA, DIRECTOR Y PRODUCTOR) Paco Arango naci\u00f3 en M\u00e9xico en 1967 en el seno de una familia de origen espa\u00f1ol. Siendo a\u00fan muy joven su familia se muda de vuelta a Espa\u00f1a, aunque \u00e9l se educa en Estados Unidos y estudia cinematograf\u00eda en Boston y Los \u00c1ngeles. Antes de comenzar su carrera cinematogr\u00e1fica, &hellip; <\/p>\n<p class=\"link-more\"><a href=\"https:\/\/loquedeverdadimporta.film\/LQDVI-PER\/paco-arango\/\" class=\"more-link\">Continuar leyendo<span class=\"screen-reader-text\"> \u00abPACO ARANGO (GUIONISTA, DIRECTOR Y PRODUCTOR)\u00bb<\/span><\/a><\/p>\n","protected":false},"author":1,"featured_media":0,"parent":0,"menu_order":0,"comment_status":"closed","ping_status":"closed","template":"elementor_canvas","meta":{"footnotes":""},"_links":{"self":[{"href":"https:\/\/loquedeverdadimporta.film\/LQDVI-PER\/wp-json\/wp\/v2\/pages\/35"}],"collection":[{"href":"https:\/\/loquedeverdadimporta.film\/LQDVI-PER\/wp-json\/wp\/v2\/pages"}],"about":[{"href":"https:\/\/loquedeverdadimporta.film\/LQDVI-PER\/wp-json\/wp\/v2\/types\/page"}],"author":[{"embeddable":true,"href":"https:\/\/loquedeverdadimporta.film\/LQDVI-PER\/wp-json\/wp\/v2\/users\/1"}],"replies":[{"embeddable":true,"href":"https:\/\/loquedeverdadimporta.film\/LQDVI-PER\/wp-json\/wp\/v2\/comments?post=35"}],"version-history":[{"count":3,"href":"https:\/\/loquedeverdadimporta.film\/LQDVI-PER\/wp-json\/wp\/v2\/pages\/35\/revisions"}],"predecessor-version":[{"id":150,"href":"https:\/\/loquedeverdadimporta.film\/LQDVI-PER\/wp-json\/wp\/v2\/pages\/35\/revisions\/150"}],"wp:attachment":[{"href":"https:\/\/loquedeverdadimporta.film\/LQDVI-PER\/wp-json\/wp\/v2\/media?parent=35"}],"curies":[{"name":"wp","href":"https:\/\/api.w.org\/{rel}","templated":true}]}}