{"id":20,"date":"2020-04-06T19:21:33","date_gmt":"2020-04-06T19:21:33","guid":{"rendered":"https:\/\/loquedeverdadimporta.film\/LQDVI-PER\/?page_id=20"},"modified":"2024-04-29T08:43:38","modified_gmt":"2024-04-29T08:43:38","slug":"home","status":"publish","type":"page","link":"https:\/\/loquedeverdadimporta.film\/LQDVI-PER\/","title":{"rendered":"HOME"},"content":{"rendered":"\t\t<div data-elementor-type=\"wp-page\" data-elementor-id=\"20\" class=\"elementor elementor-20\">\n\t\t\t\t\t\t<section class=\"elementor-section elementor-top-section elementor-element elementor-element-c1ff087 elementor-section-stretched elementor-section-full_width elementor-section-height-default elementor-section-height-default\" data-id=\"c1ff087\" data-element_type=\"section\" data-settings=\"{&quot;stretch_section&quot;:&quot;section-stretched&quot;}\">\n\t\t\t\t\t\t<div class=\"elementor-container elementor-column-gap-default\">\n\t\t\t\t\t<div class=\"elementor-column elementor-col-66 elementor-top-column elementor-element elementor-element-4cf2c27\" data-id=\"4cf2c27\" data-element_type=\"column\">\n\t\t\t<div class=\"elementor-widget-wrap elementor-element-populated\">\n\t\t\t\t\t\t<div class=\"elementor-element elementor-element-9caf2c6 elementor-widget elementor-widget-image\" data-id=\"9caf2c6\" data-element_type=\"widget\" data-widget_type=\"image.default\">\n\t\t\t\t<div class=\"elementor-widget-container\">\n\t\t\t\t\t\t\t\t\t\t\t\t\t<img fetchpriority=\"high\" decoding=\"async\" width=\"525\" height=\"750\" src=\"https:\/\/loquedeverdadimporta.film\/LQDVI-PER\/wp-content\/uploads\/2020\/06\/PosterPERUsinfecha-717x1024.jpg\" class=\"attachment-large size-large wp-image-157\" alt=\"\" srcset=\"https:\/\/loquedeverdadimporta.film\/LQDVI-PER\/wp-content\/uploads\/2020\/06\/PosterPERUsinfecha-717x1024.jpg 717w, https:\/\/loquedeverdadimporta.film\/LQDVI-PER\/wp-content\/uploads\/2020\/06\/PosterPERUsinfecha-210x300.jpg 210w, https:\/\/loquedeverdadimporta.film\/LQDVI-PER\/wp-content\/uploads\/2020\/06\/PosterPERUsinfecha-768x1097.jpg 768w, https:\/\/loquedeverdadimporta.film\/LQDVI-PER\/wp-content\/uploads\/2020\/06\/PosterPERUsinfecha-1075x1536.jpg 1075w, https:\/\/loquedeverdadimporta.film\/LQDVI-PER\/wp-content\/uploads\/2020\/06\/PosterPERUsinfecha.jpg 1400w\" sizes=\"100vw\" \/>\t\t\t\t\t\t\t\t\t\t\t\t\t<\/div>\n\t\t\t\t<\/div>\n\t\t\t\t\t<\/div>\n\t\t<\/div>\n\t\t\t\t<div class=\"elementor-column elementor-col-33 elementor-top-column elementor-element elementor-element-e72accd\" data-id=\"e72accd\" data-element_type=\"column\">\n\t\t\t<div class=\"elementor-widget-wrap elementor-element-populated\">\n\t\t\t\t\t\t<div class=\"elementor-element elementor-element-e6d008e elementor-widget elementor-widget-heading\" data-id=\"e6d008e\" data-element_type=\"widget\" data-widget_type=\"heading.default\">\n\t\t\t\t<div class=\"elementor-widget-container\">\n\t\t\t<h1 class=\"elementor-heading-title elementor-size-default\">THE HEALER<\/h1>\t\t<\/div>\n\t\t\t\t<\/div>\n\t\t\t\t<div class=\"elementor-element elementor-element-cede77e elementor-widget elementor-widget-heading\" data-id=\"cede77e\" data-element_type=\"widget\" data-widget_type=\"heading.default\">\n\t\t\t\t<div class=\"elementor-widget-container\">\n\t\t\t<h1 class=\"elementor-heading-title elementor-size-default\">Lo Que de Verdad Importa<\/h1>\t\t<\/div>\n\t\t\t\t<\/div>\n\t\t\t\t<section class=\"elementor-section elementor-inner-section elementor-element elementor-element-eb563b9 elementor-section-boxed elementor-section-height-default elementor-section-height-default\" data-id=\"eb563b9\" data-element_type=\"section\">\n\t\t\t\t\t\t<div class=\"elementor-container elementor-column-gap-default\">\n\t\t\t\t\t<div class=\"elementor-column elementor-col-50 elementor-inner-column elementor-element elementor-element-095ea6f\" data-id=\"095ea6f\" data-element_type=\"column\">\n\t\t\t<div class=\"elementor-widget-wrap elementor-element-populated\">\n\t\t\t\t\t\t<div class=\"elementor-element elementor-element-825e18f elementor-widget elementor-widget-image\" data-id=\"825e18f\" data-element_type=\"widget\" data-widget_type=\"image.default\">\n\t\t\t\t<div class=\"elementor-widget-container\">\n\t\t\t\t\t\t\t\t\t\t\t\t\t<img decoding=\"async\" width=\"150\" height=\"150\" src=\"https:\/\/loquedeverdadimporta.film\/LQDVI-PER\/wp-content\/uploads\/2020\/06\/netflix-stamp3-150x150.png\" class=\"attachment-thumbnail size-thumbnail wp-image-172\" alt=\"\" srcset=\"https:\/\/loquedeverdadimporta.film\/LQDVI-PER\/wp-content\/uploads\/2020\/06\/netflix-stamp3-150x150.png 150w, https:\/\/loquedeverdadimporta.film\/LQDVI-PER\/wp-content\/uploads\/2020\/06\/netflix-stamp3-300x300.png 300w, https:\/\/loquedeverdadimporta.film\/LQDVI-PER\/wp-content\/uploads\/2020\/06\/netflix-stamp3-100x100.png 100w, https:\/\/loquedeverdadimporta.film\/LQDVI-PER\/wp-content\/uploads\/2020\/06\/netflix-stamp3.png 500w\" sizes=\"100vw\" \/>\t\t\t\t\t\t\t\t\t\t\t\t\t<\/div>\n\t\t\t\t<\/div>\n\t\t\t\t\t<\/div>\n\t\t<\/div>\n\t\t\t\t<div class=\"elementor-column elementor-col-50 elementor-inner-column elementor-element elementor-element-f8e03a3\" data-id=\"f8e03a3\" data-element_type=\"column\">\n\t\t\t<div class=\"elementor-widget-wrap elementor-element-populated\">\n\t\t\t\t\t\t<div class=\"elementor-element elementor-element-26e3d58 elementor-widget elementor-widget-text-editor\" data-id=\"26e3d58\" data-element_type=\"widget\" data-widget_type=\"text-editor.default\">\n\t\t\t\t<div class=\"elementor-widget-container\">\n\t\t\t\t\t\t\t<p><b class=\"\">Estrenada en m\u00e1s de 15 pa\u00edses con m\u00e1s de 2,5 millones de espectadores solidarios<\/b><\/p>\t\t\t\t\t\t<\/div>\n\t\t\t\t<\/div>\n\t\t\t\t\t<\/div>\n\t\t<\/div>\n\t\t\t\t\t<\/div>\n\t\t<\/section>\n\t\t\t\t<div class=\"elementor-element elementor-element-3954702 elementor-widget elementor-widget-text-editor\" data-id=\"3954702\" data-element_type=\"widget\" data-widget_type=\"text-editor.default\">\n\t\t\t\t<div class=\"elementor-widget-container\">\n\t\t\t\t\t\t\t<p><a href=\"https:\/\/loquedeverdadimporta.film\/LQDVI-PER\/el-proyecto\/\">+INFO<\/a> \u00a0 |\u00a0 \u00a0<a href=\"https:\/\/loquedeverdadimporta.film\/LQDVI-PER\/trailer\/\">TR\u00c1ILER<\/a><\/p>\t\t\t\t\t\t<\/div>\n\t\t\t\t<\/div>\n\t\t\t\t<div class=\"elementor-element elementor-element-a25e30e elementor-widget elementor-widget-heading\" data-id=\"a25e30e\" data-element_type=\"widget\" data-widget_type=\"heading.default\">\n\t\t\t\t<div class=\"elementor-widget-container\">\n\t\t\t<h1 class=\"elementor-heading-title elementor-size-default\">Las utilidades generadas fueron donadas a <strong>Liga Contra el C\u00e1ncer<\/strong> y <strong>Fundades<\/strong>.<\/h1>\t\t<\/div>\n\t\t\t\t<\/div>\n\t\t\t\t<div class=\"elementor-element elementor-element-5754f4c elementor-widget elementor-widget-text-editor\" data-id=\"5754f4c\" data-element_type=\"widget\" data-widget_type=\"text-editor.default\">\n\t\t\t\t<div class=\"elementor-widget-container\">\n\t\t\t\t\t\t\t<a href=\"https:\/\/loquedeverdadimporta.film\/\" target=\"_blank\" rel=\"noopener\">ESPA\u00d1A<\/a> | <a href=\"http:\/\/thehealerthemovie.com\/\" target=\"_blank\" rel=\"noopener\">USA<\/a> | <a href=\"http:\/\/oquedeverdadeimporta.com\/\" target=\"_blank\" rel=\"noopener\">BRASIL<\/a> | <a href=\"https:\/\/loquedeverdadimporta.film\/LQDVI-MEX\/\" target=\"_blank\" rel=\"noopener\">M\u00c9XICO<\/a> | <a href=\"http:\/\/loquedeverdadimporta-ca.com\/\" target=\"_blank\" rel=\"noopener\">CENTROAM\u00c9RICA<\/a> | <a href=\"http:\/\/loquedeverdadimporta-co.com\/\" target=\"_blank\" rel=\"noopener\">COLOMBIA<\/a> | <a href=\"https:\/\/loquedeverdadimporta.film\/LQDVI-CHI\/\" target=\"_blank\" rel=\"noopener\">CHILE<\/a> | <a href=\"https:\/\/loquedeverdadimporta.film\/LQDVI-POR\/\" target=\"_blank\" rel=\"noopener\">PORTUGAL<\/a> | <a href=\"https:\/\/quellocheveramenteimporta.film\/\" target=\"_blank\" rel=\"noopener\">ITALIA<\/a>\t\t\t\t\t\t<\/div>\n\t\t\t\t<\/div>\n\t\t\t\t\t<\/div>\n\t\t<\/div>\n\t\t\t\t\t<\/div>\n\t\t<\/section>\n\t\t\t\t<\/div>\n\t\t","protected":false},"excerpt":{"rendered":"<p>THE HEALER Lo Que de Verdad Importa Estrenada en m\u00e1s de 15 pa\u00edses con m\u00e1s de 2,5 millones de espectadores solidarios +INFO \u00a0 |\u00a0 \u00a0TR\u00c1ILER Las utilidades generadas fueron donadas a Liga Contra el C\u00e1ncer y Fundades. ESPA\u00d1A | USA | BRASIL | M\u00c9XICO | CENTROAM\u00c9RICA | COLOMBIA | CHILE | PORTUGAL | ITALIA<\/p>\n","protected":false},"author":1,"featured_media":0,"parent":0,"menu_order":0,"comment_status":"closed","ping_status":"closed","template":"elementor_canvas","meta":{"footnotes":""},"_links":{"self":[{"href":"https:\/\/loquedeverdadimporta.film\/LQDVI-PER\/wp-json\/wp\/v2\/pages\/20"}],"collection":[{"href":"https:\/\/loquedeverdadimporta.film\/LQDVI-PER\/wp-json\/wp\/v2\/pages"}],"about":[{"href":"https:\/\/loquedeverdadimporta.film\/LQDVI-PER\/wp-json\/wp\/v2\/types\/page"}],"author":[{"embeddable":true,"href":"https:\/\/loquedeverdadimporta.film\/LQDVI-PER\/wp-json\/wp\/v2\/users\/1"}],"replies":[{"embeddable":true,"href":"https:\/\/loquedeverdadimporta.film\/LQDVI-PER\/wp-json\/wp\/v2\/comments?post=20"}],"version-history":[{"count":20,"href":"https:\/\/loquedeverdadimporta.film\/LQDVI-PER\/wp-json\/wp\/v2\/pages\/20\/revisions"}],"predecessor-version":[{"id":183,"href":"https:\/\/loquedeverdadimporta.film\/LQDVI-PER\/wp-json\/wp\/v2\/pages\/20\/revisions\/183"}],"wp:attachment":[{"href":"https:\/\/loquedeverdadimporta.film\/LQDVI-PER\/wp-json\/wp\/v2\/media?parent=20"}],"curies":[{"name":"wp","href":"https:\/\/api.w.org\/{rel}","templated":true}]}}