{"id":76,"date":"2020-03-31T16:37:57","date_gmt":"2020-03-31T16:37:57","guid":{"rendered":"https:\/\/loquedeverdadimporta.film\/LQDVI-ITA\/?page_id=76"},"modified":"2020-04-15T11:19:40","modified_gmt":"2020-04-15T11:19:40","slug":"dynamo-camp","status":"publish","type":"page","link":"https:\/\/loquedeverdadimporta.film\/LQDVI-ITA\/dynamo-camp\/","title":{"rendered":"DYNAMO CAMP"},"content":{"rendered":"\t\t<div data-elementor-type=\"wp-page\" data-elementor-id=\"76\" class=\"elementor elementor-76\">\n\t\t\t\t\t\t<section class=\"elementor-section elementor-top-section elementor-element elementor-element-3890f91 elementor-section-boxed elementor-section-height-default elementor-section-height-default\" data-id=\"3890f91\" data-element_type=\"section\">\n\t\t\t\t\t\t<div class=\"elementor-container elementor-column-gap-default\">\n\t\t\t\t\t<div class=\"elementor-column elementor-col-100 elementor-top-column elementor-element elementor-element-bd51c0b\" data-id=\"bd51c0b\" data-element_type=\"column\">\n\t\t\t<div class=\"elementor-widget-wrap elementor-element-populated\">\n\t\t\t\t\t\t<div class=\"elementor-element elementor-element-d954121 elementor-widget elementor-widget-image\" data-id=\"d954121\" data-element_type=\"widget\" data-widget_type=\"image.default\">\n\t\t\t\t<div class=\"elementor-widget-container\">\n\t\t\t\t\t\t\t\t\t\t\t\t\t<img fetchpriority=\"high\" decoding=\"async\" width=\"300\" height=\"300\" src=\"https:\/\/loquedeverdadimporta.film\/LQDVI-ITA\/wp-content\/uploads\/2020\/03\/Dynamo-Camp-Logo-positivo-network-300x300.jpg\" class=\"attachment-medium size-medium wp-image-78\" alt=\"\" srcset=\"https:\/\/loquedeverdadimporta.film\/LQDVI-ITA\/wp-content\/uploads\/2020\/03\/Dynamo-Camp-Logo-positivo-network-300x300.jpg 300w, https:\/\/loquedeverdadimporta.film\/LQDVI-ITA\/wp-content\/uploads\/2020\/03\/Dynamo-Camp-Logo-positivo-network-1024x1024.jpg 1024w, https:\/\/loquedeverdadimporta.film\/LQDVI-ITA\/wp-content\/uploads\/2020\/03\/Dynamo-Camp-Logo-positivo-network-150x150.jpg 150w, https:\/\/loquedeverdadimporta.film\/LQDVI-ITA\/wp-content\/uploads\/2020\/03\/Dynamo-Camp-Logo-positivo-network-768x768.jpg 768w, https:\/\/loquedeverdadimporta.film\/LQDVI-ITA\/wp-content\/uploads\/2020\/03\/Dynamo-Camp-Logo-positivo-network-100x100.jpg 100w, https:\/\/loquedeverdadimporta.film\/LQDVI-ITA\/wp-content\/uploads\/2020\/03\/Dynamo-Camp-Logo-positivo-network.jpg 1181w\" sizes=\"100vw\" \/>\t\t\t\t\t\t\t\t\t\t\t\t\t<\/div>\n\t\t\t\t<\/div>\n\t\t\t\t<div class=\"elementor-element elementor-element-0b30fac elementor-widget elementor-widget-spacer\" data-id=\"0b30fac\" data-element_type=\"widget\" data-widget_type=\"spacer.default\">\n\t\t\t\t<div class=\"elementor-widget-container\">\n\t\t\t\t\t<div class=\"elementor-spacer\">\n\t\t\t<div class=\"elementor-spacer-inner\"><\/div>\n\t\t<\/div>\n\t\t\t\t<\/div>\n\t\t\t\t<\/div>\n\t\t\t\t<div class=\"elementor-element elementor-element-138c383 elementor-widget elementor-widget-text-editor\" data-id=\"138c383\" data-element_type=\"widget\" data-widget_type=\"text-editor.default\">\n\t\t\t\t<div class=\"elementor-widget-container\">\n\t\t\t\t\t\t\t<p>Fondazione Dynamo ha fondato, nel 2006,\u00a0<strong>Associazione Dynamo Camp Onlus<\/strong>, che persegue esclusivamente finalit\u00e0 di solidariet\u00e0 sociale e opera, senza fini di lucro, nel settore dell\u2019assistenza sociale e socio-sanitaria. Dynamo Camp fa parte, dal 2007, dell\u2019associazione americana\u00a0<strong>SeriousFun Children\u2019s Network<\/strong>, fondata da Paul Newman nel 1988.<br \/><br \/>Dynamo Camp \u00e8 un Camp completamente\u00a0<strong>gratuito\u00a0<\/strong>appositamente concepito per ospitare\u00a0<strong>bambini affetti da patologie gravi e croniche<\/strong>\u00a0nel periodo di post ospedalizzazione e\/o in fase di remissione dalla cura e dedicato anche ai genitori e ai fratelli\/sorelle dei bambini malati.<br \/><br \/>Le attivit\u00e0 di Dynamo Camp si articolano in tre principali progetti: 1<strong>. Ospitalit\u00e0 di camper<\/strong>\u00a0(bambini malati o fratelli\/sorelle di bambini malati) presso la struttura Dynamo; 2.\u00a0<strong>Ospitalit\u00e0 di famiglie presso la struttura Dynamo<\/strong>; 3.\u00a0<strong>Attivit\u00e0 di Terapia Ricreativa presso le strutture ospedaliere e centri di accoglienza<\/strong>\u00a0per specifiche patologie su tutto il territorio italiano e per raggiungere con le attivit\u00e0 di Terapia Ricreativa i bambini ospedalizzati o comunque impossibilitati a raggiungere il Camp.<br \/><br \/>Ogni anno in Italia pi\u00f9 di 10.000 minori sono affetti da patologie gravi o croniche, come tumori e leucemie. Questi bambini sono sottoposti a terapie spesso invasive e di lunga durata, che li costringono a trascorrere molto tempo in ospedale. La condizione della malattia li porta quindi non solo ad affrontare la paura, la stanchezza e tutti gli effetti correlati alle terapie, ma spesso vincola notevolmente anche la loro socializzazione con i coetanei. Di conseguenza questi bambini rischiano fortemente di perdere la serenit\u00e0, la spensieratezza e l\u2019allegria proprie della fanciullezza.<br \/><br \/>Dynamo Camp rappresenta l\u2019opportunit\u00e0 per questi bambini di\u00a0<strong>trascorrere un periodo di svago in un ambiente protetto<\/strong>\u00a0in cui la massima sicurezza \u00e8 garantita da un\u2019assistenza medica di eccellenza e dalla costante supervisione di personale qualificato. Al Camp i bambini possono sviluppare le proprie capacit\u00e0 sperimentando\u00a0<strong>un gran numero di attivit\u00e0 sia creative che a contatto con la natura<\/strong>, beneficiando dei vantaggi derivanti dal trovarsi in\u00a0<strong>un\u2019Oasi affiliata WWF<\/strong>.<br \/><br \/>Qui possono condividere momenti indimenticabili con ragazzi che hanno vissuto esperienze simili alle loro. Collaborando e divertendosi insieme traggono supporto l\u2019uno dall\u2019altro, e questo contribuisce a rafforzare\u00a0<strong>la fiducia in se stessi<\/strong>, necessaria anche a sostenerli dopo il rientro a casa e durante il proseguimento delle cure. Il Camp \u00e8 anche in grado di offrire programmi specifici sia per genitori che per i fratellini sani,\u00a0<strong>coinvolgendo tutta la famiglia<\/strong>.<br \/><br \/>Obbiettivo del Camp \u00e8 offrire gratuitamente a migliaia di bambini ogni anno la possibilit\u00e0 di\u00a0<strong>\u201cessere bambini\u201d:<\/strong>\u00a0l\u2019assistenza medica e la struttura del Camp danno la possibilit\u00e0 di socializzare in un ambiente protetto e l\u2019opportunit\u00e0 di conoscere e sperimentare importanti strumenti per\u00a0<strong>affrontare meglio la propria vita<\/strong>, focalizzandosi su ci\u00f2 che \u00e8 nelle loro possibilit\u00e0 e non sulle privazioni causate dalla propria condizione di salute.<br \/><br \/>Il Camp offre a centinaia di genitori e famiglie un sostegno psicologico e pratico nell\u2019affrontare le problematiche conseguenti alle malattie dei propri bambini e dare loro un supporto nell\u2019impegno a farli sentire \u201cbambini\u201d.<\/p>\t\t\t\t\t\t<\/div>\n\t\t\t\t<\/div>\n\t\t\t\t\t<\/div>\n\t\t<\/div>\n\t\t\t\t\t<\/div>\n\t\t<\/section>\n\t\t\t\t<\/div>\n\t\t","protected":false},"excerpt":{"rendered":"<p>Fondazione Dynamo ha fondato, nel 2006,\u00a0Associazione Dynamo Camp Onlus, che persegue esclusivamente finalit\u00e0 di solidariet\u00e0 sociale e opera, senza fini di lucro, nel settore dell\u2019assistenza sociale e socio-sanitaria. Dynamo Camp fa parte, dal 2007, dell\u2019associazione americana\u00a0SeriousFun Children\u2019s Network, fondata da Paul Newman nel 1988. Dynamo Camp \u00e8 un Camp completamente\u00a0gratuito\u00a0appositamente concepito per ospitare\u00a0bambini affetti da &hellip; <\/p>\n<p class=\"link-more\"><a href=\"https:\/\/loquedeverdadimporta.film\/LQDVI-ITA\/dynamo-camp\/\" class=\"more-link\">Continuar leyendo<span class=\"screen-reader-text\"> \u00abDYNAMO CAMP\u00bb<\/span><\/a><\/p>\n","protected":false},"author":1,"featured_media":0,"parent":0,"menu_order":0,"comment_status":"closed","ping_status":"closed","template":"elementor_header_footer","meta":{"footnotes":""},"_links":{"self":[{"href":"https:\/\/loquedeverdadimporta.film\/LQDVI-ITA\/wp-json\/wp\/v2\/pages\/76"}],"collection":[{"href":"https:\/\/loquedeverdadimporta.film\/LQDVI-ITA\/wp-json\/wp\/v2\/pages"}],"about":[{"href":"https:\/\/loquedeverdadimporta.film\/LQDVI-ITA\/wp-json\/wp\/v2\/types\/page"}],"author":[{"embeddable":true,"href":"https:\/\/loquedeverdadimporta.film\/LQDVI-ITA\/wp-json\/wp\/v2\/users\/1"}],"replies":[{"embeddable":true,"href":"https:\/\/loquedeverdadimporta.film\/LQDVI-ITA\/wp-json\/wp\/v2\/comments?post=76"}],"version-history":[{"count":6,"href":"https:\/\/loquedeverdadimporta.film\/LQDVI-ITA\/wp-json\/wp\/v2\/pages\/76\/revisions"}],"predecessor-version":[{"id":118,"href":"https:\/\/loquedeverdadimporta.film\/LQDVI-ITA\/wp-json\/wp\/v2\/pages\/76\/revisions\/118"}],"wp:attachment":[{"href":"https:\/\/loquedeverdadimporta.film\/LQDVI-ITA\/wp-json\/wp\/v2\/media?parent=76"}],"curies":[{"name":"wp","href":"https:\/\/api.w.org\/{rel}","templated":true}]}}