{"id":20,"date":"2020-04-06T19:21:33","date_gmt":"2020-04-06T19:21:33","guid":{"rendered":"https:\/\/loquedeverdadimporta.film\/LQDVI-CHI\/?page_id=20"},"modified":"2024-04-29T08:36:38","modified_gmt":"2024-04-29T08:36:38","slug":"home","status":"publish","type":"page","link":"https:\/\/loquedeverdadimporta.film\/LQDVI-CHI\/","title":{"rendered":"HOME"},"content":{"rendered":"\t\t<div data-elementor-type=\"wp-page\" data-elementor-id=\"20\" class=\"elementor elementor-20\">\n\t\t\t\t\t\t<section class=\"elementor-section elementor-top-section elementor-element elementor-element-c1ff087 elementor-section-stretched elementor-section-full_width elementor-section-height-default elementor-section-height-default\" data-id=\"c1ff087\" data-element_type=\"section\" data-settings=\"{&quot;stretch_section&quot;:&quot;section-stretched&quot;}\">\n\t\t\t\t\t\t<div class=\"elementor-container elementor-column-gap-default\">\n\t\t\t\t\t<div class=\"elementor-column elementor-col-66 elementor-top-column elementor-element elementor-element-4cf2c27\" data-id=\"4cf2c27\" data-element_type=\"column\">\n\t\t\t<div class=\"elementor-widget-wrap elementor-element-populated\">\n\t\t\t\t\t\t<div class=\"elementor-element elementor-element-9caf2c6 elementor-widget elementor-widget-image\" data-id=\"9caf2c6\" data-element_type=\"widget\" data-widget_type=\"image.default\">\n\t\t\t\t<div class=\"elementor-widget-container\">\n\t\t\t\t\t\t\t\t\t\t\t\t\t<img fetchpriority=\"high\" decoding=\"async\" width=\"980\" height=\"1400\" src=\"https:\/\/loquedeverdadimporta.film\/LQDVI-CHI\/wp-content\/uploads\/2020\/08\/Poster-CHI.jpg\" class=\"attachment-full size-full wp-image-204\" alt=\"\" srcset=\"https:\/\/loquedeverdadimporta.film\/LQDVI-CHI\/wp-content\/uploads\/2020\/08\/Poster-CHI.jpg 980w, https:\/\/loquedeverdadimporta.film\/LQDVI-CHI\/wp-content\/uploads\/2020\/08\/Poster-CHI-210x300.jpg 210w, https:\/\/loquedeverdadimporta.film\/LQDVI-CHI\/wp-content\/uploads\/2020\/08\/Poster-CHI-717x1024.jpg 717w, https:\/\/loquedeverdadimporta.film\/LQDVI-CHI\/wp-content\/uploads\/2020\/08\/Poster-CHI-768x1097.jpg 768w\" sizes=\"100vw\" \/>\t\t\t\t\t\t\t\t\t\t\t\t\t<\/div>\n\t\t\t\t<\/div>\n\t\t\t\t\t<\/div>\n\t\t<\/div>\n\t\t\t\t<div class=\"elementor-column elementor-col-33 elementor-top-column elementor-element elementor-element-e72accd\" data-id=\"e72accd\" data-element_type=\"column\">\n\t\t\t<div class=\"elementor-widget-wrap elementor-element-populated\">\n\t\t\t\t\t\t<div class=\"elementor-element elementor-element-e6d008e elementor-widget elementor-widget-heading\" data-id=\"e6d008e\" data-element_type=\"widget\" data-widget_type=\"heading.default\">\n\t\t\t\t<div class=\"elementor-widget-container\">\n\t\t\t<h1 class=\"elementor-heading-title elementor-size-default\">THE HEALER<\/h1>\t\t<\/div>\n\t\t\t\t<\/div>\n\t\t\t\t<div class=\"elementor-element elementor-element-cede77e elementor-widget elementor-widget-heading\" data-id=\"cede77e\" data-element_type=\"widget\" data-widget_type=\"heading.default\">\n\t\t\t\t<div class=\"elementor-widget-container\">\n\t\t\t<h1 class=\"elementor-heading-title elementor-size-default\">Lo Que de Verdad Importa<\/h1>\t\t<\/div>\n\t\t\t\t<\/div>\n\t\t\t\t<section class=\"elementor-section elementor-inner-section elementor-element elementor-element-f5b74fe elementor-section-boxed elementor-section-height-default elementor-section-height-default\" data-id=\"f5b74fe\" data-element_type=\"section\">\n\t\t\t\t\t\t<div class=\"elementor-container elementor-column-gap-default\">\n\t\t\t\t\t<div class=\"elementor-column elementor-col-50 elementor-inner-column elementor-element elementor-element-2b97184\" data-id=\"2b97184\" data-element_type=\"column\">\n\t\t\t<div class=\"elementor-widget-wrap elementor-element-populated\">\n\t\t\t\t\t\t<div class=\"elementor-element elementor-element-3535b97 elementor-widget elementor-widget-image\" data-id=\"3535b97\" data-element_type=\"widget\" data-widget_type=\"image.default\">\n\t\t\t\t<div class=\"elementor-widget-container\">\n\t\t\t\t\t\t\t\t\t\t\t\t\t<img decoding=\"async\" width=\"150\" height=\"150\" src=\"https:\/\/loquedeverdadimporta.film\/LQDVI-CHI\/wp-content\/uploads\/2020\/06\/netflix-stamp3-150x150.png\" class=\"attachment-thumbnail size-thumbnail wp-image-166\" alt=\"\" srcset=\"https:\/\/loquedeverdadimporta.film\/LQDVI-CHI\/wp-content\/uploads\/2020\/06\/netflix-stamp3-150x150.png 150w, https:\/\/loquedeverdadimporta.film\/LQDVI-CHI\/wp-content\/uploads\/2020\/06\/netflix-stamp3-300x300.png 300w, https:\/\/loquedeverdadimporta.film\/LQDVI-CHI\/wp-content\/uploads\/2020\/06\/netflix-stamp3-100x100.png 100w, https:\/\/loquedeverdadimporta.film\/LQDVI-CHI\/wp-content\/uploads\/2020\/06\/netflix-stamp3.png 500w\" sizes=\"100vw\" \/>\t\t\t\t\t\t\t\t\t\t\t\t\t<\/div>\n\t\t\t\t<\/div>\n\t\t\t\t\t<\/div>\n\t\t<\/div>\n\t\t\t\t<div class=\"elementor-column elementor-col-50 elementor-inner-column elementor-element elementor-element-c57ac23\" data-id=\"c57ac23\" data-element_type=\"column\">\n\t\t\t<div class=\"elementor-widget-wrap elementor-element-populated\">\n\t\t\t\t\t\t<div class=\"elementor-element elementor-element-26e3d58 elementor-widget elementor-widget-text-editor\" data-id=\"26e3d58\" data-element_type=\"widget\" data-widget_type=\"text-editor.default\">\n\t\t\t\t<div class=\"elementor-widget-container\">\n\t\t\t\t\t\t\t<p><b class=\"\">Estrenada en m\u00e1s de 15 pa\u00edses con m\u00e1s de 2,5 millones de espectadores solidarios<\/b><\/p>\t\t\t\t\t\t<\/div>\n\t\t\t\t<\/div>\n\t\t\t\t\t<\/div>\n\t\t<\/div>\n\t\t\t\t\t<\/div>\n\t\t<\/section>\n\t\t\t\t<div class=\"elementor-element elementor-element-3954702 elementor-widget elementor-widget-text-editor\" data-id=\"3954702\" data-element_type=\"widget\" data-widget_type=\"text-editor.default\">\n\t\t\t\t<div class=\"elementor-widget-container\">\n\t\t\t\t\t\t\t<p><a href=\"https:\/\/loquedeverdadimporta.film\/LQDVI-CHI\/el-proyecto\/\">+INFO<\/a> \u00a0 |\u00a0 \u00a0<a href=\"https:\/\/loquedeverdadimporta.film\/LQDVI-CHI\/trailer\/\">TR\u00c1ILER<\/a><\/p>\t\t\t\t\t\t<\/div>\n\t\t\t\t<\/div>\n\t\t\t\t<div class=\"elementor-element elementor-element-74842e0 elementor-widget elementor-widget-text-editor\" data-id=\"74842e0\" data-element_type=\"widget\" data-widget_type=\"text-editor.default\">\n\t\t\t\t<div class=\"elementor-widget-container\">\n\t\t\t\t\t\t\t<p>Las utilidades generadas por esta pel\u00edcula fueron donadas a <strong>Fundaci\u00f3n Nuestros Hijos<\/strong> y <strong>Casa Sagrada Familia<\/strong>.<\/p>\t\t\t\t\t\t<\/div>\n\t\t\t\t<\/div>\n\t\t\t\t<div class=\"elementor-element elementor-element-0a9959c elementor-widget elementor-widget-text-editor\" data-id=\"0a9959c\" data-element_type=\"widget\" data-widget_type=\"text-editor.default\">\n\t\t\t\t<div class=\"elementor-widget-container\">\n\t\t\t\t\t\t\t<a href=\"https:\/\/loquedeverdadimporta.film\" target=\"_blank\" rel=\"noopener\">ESPA\u00d1A<\/a> | <a href=\"http:\/\/thehealerthemovie.com\/\" target=\"_blank\" rel=\"noopener\">USA<\/a> | <a href=\"https:\/\/loquedeverdadimporta.film\/LQDVI-BRA\/\" target=\"_blank\" rel=\"noopener\">BRASIL<\/a> | <a href=\"https:\/\/loquedeverdadimporta.film\/LQDVI-MEX\/\" target=\"_blank\" rel=\"noopener\">M\u00c9XICO<\/a> | <a href=\"http:\/\/loquedeverdadimporta-ca.com\/\" target=\"_blank\" rel=\"noopener\">CENTROAM\u00c9RICA<\/a> | <a href=\"http:\/\/loquedeverdadimporta-co.com\/\" target=\"_blank\" rel=\"noopener\">COLOMBIA<\/a> | <a href=\"https:\/\/loquedeverdadimporta.film\/LQDVI-PER\/\" target=\"_blank\" rel=\"noopener\">PER\u00da<\/a> |\u00a0<a href=\"https:\/\/loquedeverdadimporta.film\/LQDVI-POR\/\" target=\"_blank\" rel=\"noopener\">PORTUGAL<\/a> | <a href=\"https:\/\/quellocheveramenteimporta.film\/\" target=\"_blank\" rel=\"noopener\">ITALIA<\/a>\t\t\t\t\t\t<\/div>\n\t\t\t\t<\/div>\n\t\t\t\t\t<\/div>\n\t\t<\/div>\n\t\t\t\t\t<\/div>\n\t\t<\/section>\n\t\t\t\t<\/div>\n\t\t","protected":false},"excerpt":{"rendered":"<p>THE HEALER Lo Que de Verdad Importa Estrenada en m\u00e1s de 15 pa\u00edses con m\u00e1s de 2,5 millones de espectadores solidarios +INFO \u00a0 |\u00a0 \u00a0TR\u00c1ILER Las utilidades generadas por esta pel\u00edcula fueron donadas a Fundaci\u00f3n Nuestros Hijos y Casa Sagrada Familia. ESPA\u00d1A | USA | BRASIL | M\u00c9XICO | CENTROAM\u00c9RICA | COLOMBIA | PER\u00da |\u00a0PORTUGAL &hellip; <\/p>\n<p class=\"link-more\"><a href=\"https:\/\/loquedeverdadimporta.film\/LQDVI-CHI\/\" class=\"more-link\">Continuar leyendo<span class=\"screen-reader-text\"> \u00abHOME\u00bb<\/span><\/a><\/p>\n","protected":false},"author":1,"featured_media":0,"parent":0,"menu_order":0,"comment_status":"closed","ping_status":"closed","template":"elementor_canvas","meta":{"footnotes":""},"_links":{"self":[{"href":"https:\/\/loquedeverdadimporta.film\/LQDVI-CHI\/wp-json\/wp\/v2\/pages\/20"}],"collection":[{"href":"https:\/\/loquedeverdadimporta.film\/LQDVI-CHI\/wp-json\/wp\/v2\/pages"}],"about":[{"href":"https:\/\/loquedeverdadimporta.film\/LQDVI-CHI\/wp-json\/wp\/v2\/types\/page"}],"author":[{"embeddable":true,"href":"https:\/\/loquedeverdadimporta.film\/LQDVI-CHI\/wp-json\/wp\/v2\/users\/1"}],"replies":[{"embeddable":true,"href":"https:\/\/loquedeverdadimporta.film\/LQDVI-CHI\/wp-json\/wp\/v2\/comments?post=20"}],"version-history":[{"count":29,"href":"https:\/\/loquedeverdadimporta.film\/LQDVI-CHI\/wp-json\/wp\/v2\/pages\/20\/revisions"}],"predecessor-version":[{"id":209,"href":"https:\/\/loquedeverdadimporta.film\/LQDVI-CHI\/wp-json\/wp\/v2\/pages\/20\/revisions\/209"}],"wp:attachment":[{"href":"https:\/\/loquedeverdadimporta.film\/LQDVI-CHI\/wp-json\/wp\/v2\/media?parent=20"}],"curies":[{"name":"wp","href":"https:\/\/api.w.org\/{rel}","templated":true}]}}