{"id":100,"date":"2020-04-06T18:36:09","date_gmt":"2020-04-06T18:36:09","guid":{"rendered":"https:\/\/loquedeverdadimporta.film\/LQDVI-BRA\/?page_id=100"},"modified":"2020-04-06T18:37:04","modified_gmt":"2020-04-06T18:37:04","slug":"paco-arango","status":"publish","type":"page","link":"https:\/\/loquedeverdadimporta.film\/LQDVI-BRA\/paco-arango\/","title":{"rendered":"Paco Arango"},"content":{"rendered":"\t\t<div data-elementor-type=\"wp-page\" data-elementor-id=\"100\" class=\"elementor elementor-100\">\n\t\t\t\t\t\t<div class=\"elementor-inner\">\n\t\t\t\t<div class=\"elementor-section-wrap\">\n\t\t\t\t\t\t\t\t\t<section class=\"elementor-section elementor-top-section elementor-element elementor-element-8832859 elementor-section-boxed elementor-section-height-default elementor-section-height-default\" data-id=\"8832859\" data-element_type=\"section\">\n\t\t\t\t\t\t<div class=\"elementor-container elementor-column-gap-default\">\n\t\t\t\t\t\t\t<div class=\"elementor-row\">\n\t\t\t\t\t<div class=\"elementor-column elementor-col-100 elementor-top-column elementor-element elementor-element-7106721\" data-id=\"7106721\" data-element_type=\"column\">\n\t\t\t<div class=\"elementor-column-wrap elementor-element-populated\">\n\t\t\t\t\t\t\t<div class=\"elementor-widget-wrap\">\n\t\t\t\t\t\t<div class=\"elementor-element elementor-element-5565db5 elementor-widget elementor-widget-image\" data-id=\"5565db5\" data-element_type=\"widget\" data-widget_type=\"image.default\">\n\t\t\t\t<div class=\"elementor-widget-container\">\n\t\t\t\t\t\t\t\t<div class=\"elementor-image\">\n\t\t\t\t\t\t\t\t\t\t\t\t<img loading=\"lazy\" decoding=\"async\" width=\"525\" height=\"349\" src=\"https:\/\/loquedeverdadimporta.film\/LQDVI-BRA\/wp-content\/uploads\/2020\/04\/paco-arango-1024x681.jpg\" class=\"attachment-large size-large\" alt=\"\" srcset=\"https:\/\/loquedeverdadimporta.film\/LQDVI-BRA\/wp-content\/uploads\/2020\/04\/paco-arango-1024x681.jpg 1024w, https:\/\/loquedeverdadimporta.film\/LQDVI-BRA\/wp-content\/uploads\/2020\/04\/paco-arango-300x200.jpg 300w, https:\/\/loquedeverdadimporta.film\/LQDVI-BRA\/wp-content\/uploads\/2020\/04\/paco-arango-768x511.jpg 768w, https:\/\/loquedeverdadimporta.film\/LQDVI-BRA\/wp-content\/uploads\/2020\/04\/paco-arango.jpg 1500w\" sizes=\"100vw\" \/>\t\t\t\t\t\t\t\t\t\t\t\t\t\t<\/div>\n\t\t\t\t\t\t<\/div>\n\t\t\t\t<\/div>\n\t\t\t\t\t\t<\/div>\n\t\t\t\t\t<\/div>\n\t\t<\/div>\n\t\t\t\t\t\t\t\t<\/div>\n\t\t\t\t\t<\/div>\n\t\t<\/section>\n\t\t\t\t<section class=\"elementor-section elementor-top-section elementor-element elementor-element-5ed51ee elementor-section-boxed elementor-section-height-default elementor-section-height-default\" data-id=\"5ed51ee\" data-element_type=\"section\">\n\t\t\t\t\t\t<div class=\"elementor-container elementor-column-gap-default\">\n\t\t\t\t\t\t\t<div class=\"elementor-row\">\n\t\t\t\t\t<div class=\"elementor-column elementor-col-100 elementor-top-column elementor-element elementor-element-e0dd4ca\" data-id=\"e0dd4ca\" data-element_type=\"column\">\n\t\t\t<div class=\"elementor-column-wrap elementor-element-populated\">\n\t\t\t\t\t\t\t<div class=\"elementor-widget-wrap\">\n\t\t\t\t\t\t<div class=\"elementor-element elementor-element-e8ad4c4 elementor-widget elementor-widget-heading\" data-id=\"e8ad4c4\" data-element_type=\"widget\" data-widget_type=\"heading.default\">\n\t\t\t\t<div class=\"elementor-widget-container\">\n\t\t\t<h2 class=\"elementor-heading-title elementor-size-default\">PACO ARANGO<\/h2>\t\t<\/div>\n\t\t\t\t<\/div>\n\t\t\t\t<div class=\"elementor-element elementor-element-e60768b elementor-widget elementor-widget-text-editor\" data-id=\"e60768b\" data-element_type=\"widget\" data-widget_type=\"text-editor.default\">\n\t\t\t\t<div class=\"elementor-widget-container\">\n\t\t\t\t\t\t\t\t<div class=\"elementor-text-editor elementor-clearfix\">\n\t\t\t\t<p>Paco Arango nasceu no M\u00e9xico, em 1967, no seio de uma fam\u00edlia de origem espanhola. Ainda muito jovem, mudou-se com a sua fam\u00edlia para Espanha. Foi nos Estados Unidos que estudou cinema, em Boston e Los Angeles. Antes de come\u00e7ar a sua carreira cinematogr\u00e1fica, Arango gravou e publicou cinco discos como cantor a solo, com o selo da Sony Records. Em 1999, fundou uma produtora de televis\u00e3o respons\u00e1vel pela produ\u00e7\u00e3o de v\u00e1rias s\u00e9ries e programas de televis\u00e3o, entre eles a famosa\u00a0<em>\u00a1Ala\u2026dina!,<\/em>\u00a0uma divertida s\u00e9rie protagonizada pela atriz Paz Padilla.<\/p><p>No ano de 2001, sentiu a necessidade de se envolver com uma causa solid\u00e1ria, como forma de \u201cretribuir a sorte que havia tido\u201d ao longo da vida e come\u00e7ou a trabalhar como volunt\u00e1rio no Hospital Ni\u00f1o Jes\u00fas, com jovens doentes oncol\u00f3gicos. Essa experi\u00eancia acabaria por mudar a sua vida para sempre. Em 2005, criou a Funda\u00e7\u00e3o Aladina, destinada a melhorar a vida de crian\u00e7as e adolescentes doentes com cancro, bem como os seus familiares. Atualmente, a Funda\u00e7\u00e3o presta apoio a mais de 1.500 crian\u00e7as.<\/p><p>Em 2011 escreveu e realizou\u00a0<em>Maktub<\/em>, um filme que mistura com\u00e9dia e drama. Nele, o realizador demonstrou tudo o que havia aprendido com as crian\u00e7as com as quais lidava diariamente h\u00e1 mais de 15 anos. Crian\u00e7as com hist\u00f3rias de vida que o inspiravam todos os dias. Com um elenco espetacular, liderada por Diego Peretti, Goya Toledo, Aitana S\u00e1nchez-Gij\u00f3n, Rosa Mar\u00eda Sard\u00e1 e Jorge Mart\u00ednez, Maktub arrecadou tr\u00eas nomea\u00e7\u00f5es para os Pr\u00e9mios Goya (Melhor Realizador, Melhor Atriz Secund\u00e1ria e Melhor M\u00fasica Original). A receita de bilheteira desse filme acabaria por financiar uma das unidades de transplante de medula mais avan\u00e7adas da Europa: o Centro Maktub para transplante de medula \u00f3ssea do Hospital Ni\u00f1o Jesus de Madrid.<\/p>\t\t\t\t\t<\/div>\n\t\t\t\t\t\t<\/div>\n\t\t\t\t<\/div>\n\t\t\t\t\t\t<\/div>\n\t\t\t\t\t<\/div>\n\t\t<\/div>\n\t\t\t\t\t\t\t\t<\/div>\n\t\t\t\t\t<\/div>\n\t\t<\/section>\n\t\t\t\t\t\t\t\t\t<\/div>\n\t\t\t<\/div>\n\t\t\t\t\t<\/div>\n\t\t","protected":false},"excerpt":{"rendered":"<p>PACO ARANGO Paco Arango nasceu no M\u00e9xico, em 1967, no seio de uma fam\u00edlia de origem espanhola. Ainda muito jovem, mudou-se com a sua fam\u00edlia para Espanha. Foi nos Estados Unidos que estudou cinema, em Boston e Los Angeles. Antes de come\u00e7ar a sua carreira cinematogr\u00e1fica, Arango gravou e publicou cinco discos como cantor a &hellip; <\/p>\n<p class=\"link-more\"><a href=\"https:\/\/loquedeverdadimporta.film\/LQDVI-BRA\/paco-arango\/\" class=\"more-link\">Continuar leyendo<span class=\"screen-reader-text\"> \u00abPaco Arango\u00bb<\/span><\/a><\/p>\n","protected":false},"author":1,"featured_media":0,"parent":0,"menu_order":0,"comment_status":"closed","ping_status":"closed","template":"elementor_header_footer","meta":{"footnotes":""},"_links":{"self":[{"href":"https:\/\/loquedeverdadimporta.film\/LQDVI-BRA\/wp-json\/wp\/v2\/pages\/100"}],"collection":[{"href":"https:\/\/loquedeverdadimporta.film\/LQDVI-BRA\/wp-json\/wp\/v2\/pages"}],"about":[{"href":"https:\/\/loquedeverdadimporta.film\/LQDVI-BRA\/wp-json\/wp\/v2\/types\/page"}],"author":[{"embeddable":true,"href":"https:\/\/loquedeverdadimporta.film\/LQDVI-BRA\/wp-json\/wp\/v2\/users\/1"}],"replies":[{"embeddable":true,"href":"https:\/\/loquedeverdadimporta.film\/LQDVI-BRA\/wp-json\/wp\/v2\/comments?post=100"}],"version-history":[{"count":2,"href":"https:\/\/loquedeverdadimporta.film\/LQDVI-BRA\/wp-json\/wp\/v2\/pages\/100\/revisions"}],"predecessor-version":[{"id":103,"href":"https:\/\/loquedeverdadimporta.film\/LQDVI-BRA\/wp-json\/wp\/v2\/pages\/100\/revisions\/103"}],"wp:attachment":[{"href":"https:\/\/loquedeverdadimporta.film\/LQDVI-BRA\/wp-json\/wp\/v2\/media?parent=100"}],"curies":[{"name":"wp","href":"https:\/\/api.w.org\/{rel}","templated":true}]}}